{"id":440,"date":"2025-02-06T18:57:20","date_gmt":"2025-02-06T16:57:20","guid":{"rendered":"http:\/\/sdsim.upb.ro\/?page_id=440"},"modified":"2025-04-29T15:40:01","modified_gmt":"2025-04-29T13:40:01","slug":"programe-doctorale","status":"publish","type":"page","link":"https:\/\/sdsim.ro\/?page_id=440","title":{"rendered":"Programe doctorale"},"content":{"rendered":"\n<p>&nbsp;<\/p>\n\n\n\n<div class=\"wp-block-group is-layout-grid wp-container-core-group-is-layout-9649a0d9 wp-block-group-is-layout-grid\"><div class=\"icon_box icon_position_top no_border\"><a class=\"\" href=\"https:\/\/sdsim.ro\/admitere\/informatii-generale-admitere\/admitere-pas-cu-pas\/\" target=\"_blank\"  title=\"\"><div class=\"icon_wrapper\"><div class=\"icon\"><i class=\"icon-check\" aria-hidden=\"true\"><\/i><\/div><\/div><div class=\"desc_wrapper\"><h3 class=\"title \">Admitere pas cu pas<\/h3><\/div><\/a><\/div>\n\n\n\n<div class=\"icon_box icon_position_top no_border\"><a class=\"\" href=\"https:\/\/admitere.pub.ro\" target=\"_blank\" title=\"\" rel=\"nofollow noopener\"><div class=\"icon_wrapper\"><div class=\"icon\"><i class=\"icon-desktop-line\" aria-hidden=\"true\"><\/i><\/div><\/div><div class=\"desc_wrapper\"><h3 class=\"title \">Accesa\u021bi platforma \u00eenscriere candida\u021bi<\/h3><\/div><\/a><\/div>\n\n\n\n<div class=\"icon_box icon_position_top no_border\"><a class=\"\" href=\"https:\/\/sdsim.ro\/documente\/metodologie-privind-organizarea-si-desfasurarea-concursului-de-admitere-la-studii-universitare-de-doctorat\/\" target=\"_blank\" title=\"\"><div class=\"icon_wrapper\"><div class=\"icon\"><i class=\"icon-doc-text-inv\" aria-hidden=\"true\"><\/i><\/div><\/div><div class=\"desc_wrapper\"><h3 class=\"title \">Vezi aici Metodologia de admitere<\/h3><\/div><\/a><\/div>\n\n\n\n<div class=\"icon_box icon_position_top no_border\"><a class=\"\" href=\"https:\/\/sdsim.ro\/documente\/metodologie-privind-organizarea-si-desfasurarea-concursului-de-admitere-la-studii-universitare-de-doctorat\/\" target=\"_blank\" title=\"\"><div class=\"icon_wrapper\"><div class=\"icon\"><i class=\"icon-doc-text-inv\" aria-hidden=\"true\"><\/i><\/div><\/div><div class=\"desc_wrapper\"><h3 class=\"title \">Vezi aici Anexele<\/h3><\/div><\/a><\/div>\n\n<\/div>\n\n\n\n<p>Studiile universitare de doctorat au o durat\u0103 de 3 ani. \u00cen anumite cazuri, atunci c\u00e2nd finalizarea activit\u0103\u021bilor de cercetare necesit\u0103 un timp suplimentar, durata studiilor poate fi prelungit\u0103 cu p\u00e2n\u0103 la 2 ani. Pe parcursul stagiului de preg\u0103tire doctoral\u0103, studen\u021bii doctoranzi trebuie s\u0103 parcurg\u0103 dou\u0103 cicluri complementare:<\/p>\n\n\n\n<ul class=\"wp-block-list\">\n<li>Programul de Preg\u0103tire Avansat\u0103 (PPA, cu 30 ECTS);<\/li>\n\n\n\n<li>Programul de Cercetare \u015etiin\u0163ific\u0103 (PCS, cu 120 ECTS).<\/li>\n<\/ul>\n\n\n\n<p>&nbsp; &nbsp; &nbsp; &nbsp;Programul de Preg\u0103tire Avansat\u0103 (PPA, 30 ECTS) trebuie realizat \u00een primele 6 luni de la \u00eenmatriculare \u0219i const\u0103 \u00een parcurgerea \u0219i sus\u021binerea examenelor la trei discipline generale \u0219i dou\u0103 discipline de specialitate.<\/p>\n\n\n\n<ul class=\"wp-block-list\">\n<li>Disciplinele generale (14 ECTS) sunt organizate la nivel de IOSUD \u2013 UPB \u0219i vizeaz\u0103 preg\u0103tirea \u00een cercetarea \u015ftiin\u0163ific\u0103 a doctoranzilor: Etic\u0103 (6 ECTS), Metodologia Cercet\u0103rii \u0219i Autorat \u0218tiin\u021bific (4 ECTS) \u0219i Managementul Proiectelor (4 ECTS).<\/li>\n\n\n\n<li>Disciplinele de specialitate presupun ob\u021binerea a 16 ECTS, iar planul de \u00eenv\u0103\u021b\u0103m\u00e2nt al acestora este elaborat de Conduc\u0103torul de doctorat \u0219i avizat de CSD. Disciplinele de specialitate sunt &nbsp;bazate pe studiul individual coordonat de Conduc\u0103torul de doctorat, sau pe cursuri organizate de SD-SIM sau de alte \u015fcoli doctorale din \u0163ar\u0103 sau din str\u0103in\u0103tate.<\/li>\n<\/ul>\n\n\n\n<p>&nbsp; &nbsp; &nbsp; &nbsp;Evaluarea doctoranzilor se cuantific\u0103 prin calificativele \u201eFoarte bine\u201d, \u201eBine\u201d, \u201eSatisf\u0103c\u0103tor\u201d sau \u201eNesatisf\u0103c\u0103tor\u201d, acestea fiind consemnate \u00eentr-o fil\u0103 de catalog. Disciplina se consider\u0103 a fi promovat\u0103 \u015fi studentul este declarat \u201cAdmis\u201d dac\u0103 ob\u0163ine unul din calificativele \u201eFoarte bine\u201d sau \u201eBine\u201d.<\/p>\n\n\n\n<p>&nbsp; &nbsp; &nbsp; &nbsp;Punctele credit ob\u0163inute \u00eentr-un program de masterat de cercetare, parcurgerea unor stagii anterioare de doctorat sau a unor stagii de cercetare \u015ftiin\u0163ific\u0103, desf\u0103\u015furate \u00een \u0163ar\u0103 sau \u00een str\u0103in\u0103tate, \u00een universit\u0103\u0163i ori \u00een unit\u0103\u0163i de cercetare-dezvoltare de prestigiu, pot fi recunoscute ca echivalente la propunerea Conduc\u0103torului de doctorat, cu aprobarea CSD. \u00cen urma finaliz\u0103rii Programului de Preg\u0103tire Avansat\u0103, doctorandul poate solicita un certificat de absolvire \u00een care se men\u021bioneaz\u0103 calificativul ob\u021binut.<\/p>\n\n\n\n<p>&nbsp; &nbsp; &nbsp; &nbsp;Programul de Cercetare \u015etiin\u0163ific\u0103 (PCS, 120 ECTS) are o durat\u0103 de minim 33 de luni \u0219i are ca obiectiv principal elaborarea tezei de doctorat \u015fi formarea competen\u0163elor profesionale \u0219i transversale. Rapoartele de cercetare sunt prezentate \u00een fa\u021ba membrilor Comisiei de \u00eendrumare, din care face parte \u0219i Conduc\u0103torul de doctorat. Activitatea de cercetare este evaluat\u0103 prin elaborarea \u0219i sus\u021binerea a cinci rapoarte de cercetare, Prezentarea acestora poate fi public\u0103. Activit\u0103\u021bile de cercetare pot fi \u00eencadrate de Conduc\u0103torul de doctorat \u00een contracte de cercetare-dezvoltare, na\u021bionale sau interna\u021bionale, din cadrul IOSUD \u2013 UPB sau din afar\u0103, at\u00e2t din mediul academic c\u00e2t \u0219i industrial. Doctorandul poate ob\u021bine unul dintre calificativele \u201eFoarte bine\u201d, \u201eBine\u201d, \u201eSatisf\u0103c\u0103tor\u201d sau \u201eNesatisf\u0103c\u0103tor\u201d (consemnat \u00een fil\u0103 de catalog). Raportul se consider\u0103 \u201cAdmis\u201d dac\u0103 studentul-doctorand ob\u0163ine unul din calificativele \u201eFoarte bine\u201d, \u201eBine\u201d sau \u201cSatisf\u0103c\u0103tor\u201d. Informa\u021biile principale necesare privind rapoartele sunt prezentate \u00een continuare.<\/p>\n\n\n\n<ul class=\"wp-block-list\">\n<li>Raportul 1 (30 ECTS) este sus\u021binut pe parcursul anului \u00eent\u00e2i, la 6 luni dup\u0103 finalizarea PPA \u0219i se recomand\u0103 s\u0103 con\u021bin\u0103 direc\u021biile de cercetare vizate, stadiul cunoa\u015fterii \u00een domeniu, metodologia \u0219i planul de cercetare vizate.<\/li>\n\n\n\n<li>Rapoartele 2, 3 \u0219i 4 (90 ECTS) se sus\u021bin din \u0219ase \u00een \u0219ase luni (un raport p\u00e2n\u0103 la 12 luni dup\u0103 finalizarea PPA, urm\u0103torul raport p\u00e2n\u0103 la 18 luni dup\u0103 finalizarea PPA \u0219i respectiv p\u00e2n\u0103 la 24 de luni de la finalizarea PPA). Aceste rapoarte pot constitui viitoare capitole din teza de doctorat \u015fi\/sau p\u0103r\u0163i din rapoarte de cercetare \u015ftiin\u0163ific\u0103 la proiecte na\u0163ionale sau interna\u0163ionale la care doctorandul este direct implicat, articole publicate sau trimise spre publicare la care doctorandul este autor principal.<\/li>\n\n\n\n<li>Raportul 5 poate fi constituiut de teza de doctorat, la sus\u021binerea \u00een fa\u021ba comisiei de \u00eendrumare.<\/li>\n<\/ul>\n","protected":false},"excerpt":{"rendered":"<p>Studiile universitare de doctorat au o durat\u0103 de 3 ani. \u00cen anumite cazuri, atunci c\u00e2nd finalizarea activit\u0103\u021bilor de cercetare necesit\u0103 un timp suplimentar, durata studiilor poate fi prelungit\u0103 cu p\u00e2n\u0103 la 2 ani.<\/p>\n","protected":false},"author":5,"featured_media":2755,"parent":436,"menu_order":0,"comment_status":"closed","ping_status":"closed","template":"","meta":{"footnotes":""},"class_list":["post-440","page","type-page","status-publish","has-post-thumbnail","hentry"],"_links":{"self":[{"href":"https:\/\/sdsim.ro\/index.php?rest_route=\/wp\/v2\/pages\/440","targetHints":{"allow":["GET"]}}],"collection":[{"href":"https:\/\/sdsim.ro\/index.php?rest_route=\/wp\/v2\/pages"}],"about":[{"href":"https:\/\/sdsim.ro\/index.php?rest_route=\/wp\/v2\/types\/page"}],"author":[{"embeddable":true,"href":"https:\/\/sdsim.ro\/index.php?rest_route=\/wp\/v2\/users\/5"}],"replies":[{"embeddable":true,"href":"https:\/\/sdsim.ro\/index.php?rest_route=%2Fwp%2Fv2%2Fcomments&post=440"}],"version-history":[{"count":0,"href":"https:\/\/sdsim.ro\/index.php?rest_route=\/wp\/v2\/pages\/440\/revisions"}],"up":[{"embeddable":true,"href":"https:\/\/sdsim.ro\/index.php?rest_route=\/wp\/v2\/pages\/436"}],"wp:featuredmedia":[{"embeddable":true,"href":"https:\/\/sdsim.ro\/index.php?rest_route=\/wp\/v2\/media\/2755"}],"wp:attachment":[{"href":"https:\/\/sdsim.ro\/index.php?rest_route=%2Fwp%2Fv2%2Fmedia&parent=440"}],"curies":[{"name":"wp","href":"https:\/\/api.w.org\/{rel}","templated":true}]}}